{"id":65,"date":"2017-12-30T15:12:48","date_gmt":"2017-12-30T14:12:48","guid":{"rendered":"http:\/\/lapallue.fr\/?page_id=65"},"modified":"2017-12-30T15:15:02","modified_gmt":"2017-12-30T14:15:02","slug":"la-chambre-des-amis","status":"publish","type":"page","link":"https:\/\/lapallue.fr\/index.php\/la-chambre-des-amis\/","title":{"rendered":"La chambre des Amis"},"content":{"rendered":"<h3 align=\"CENTER\"><\/h3>\n<h3 align=\"LEFT\">La chambre \u00ab\u00a0Amis\u00a0\u00bb est situ\u00e9e au rez de chauss\u00e9e face \u00e0 la salle de toilette.<\/h3>\n<h3 align=\"LEFT\">Elle est compos\u00e9e d&rsquo;un lit de 140 de large, de deux tables de chevet, d&rsquo;une grande armoire, d&rsquo;une table.<\/h3>\n<h3 align=\"LEFT\">Un acc\u00e8s \u00e0 internet en Wifi y est disponible.<\/h3>\n<h3 style=\"text-align: left;\" align=\"CENTER\">Une vue de la chambre \u00ab\u00a0Amis\u00a0\u00bb.<\/h3>\n<p style=\"text-align: center;\"><img loading=\"lazy\" class=\"alignnone wp-image-66 alignleft\" src=\"http:\/\/lapallue.fr\/wp-content\/uploads\/2017\/12\/P1000541-300x225.jpg\" alt=\"\" width=\"363\" height=\"272\" srcset=\"https:\/\/lapallue.fr\/wp-content\/uploads\/2017\/12\/P1000541-300x225.jpg 300w, https:\/\/lapallue.fr\/wp-content\/uploads\/2017\/12\/P1000541-768x576.jpg 768w, https:\/\/lapallue.fr\/wp-content\/uploads\/2017\/12\/P1000541-1024x768.jpg 1024w\" sizes=\"(max-width: 363px) 100vw, 363px\" \/><\/p>\n<h3 style=\"text-align: right;\" align=\"CENTER\">Une vue depuis la chambre \u00ab\u00a0Amis\u00a0\u00bb vers l&rsquo;ext\u00e9rieur.<\/h3>\n<p style=\"text-align: center;\"><img loading=\"lazy\" class=\"wp-image-67 alignright\" src=\"http:\/\/lapallue.fr\/wp-content\/uploads\/2017\/12\/chambre-amis-300x225.jpg\" alt=\"\" width=\"400\" height=\"300\" srcset=\"https:\/\/lapallue.fr\/wp-content\/uploads\/2017\/12\/chambre-amis-300x225.jpg 300w, https:\/\/lapallue.fr\/wp-content\/uploads\/2017\/12\/chambre-amis.jpg 512w\" sizes=\"(max-width: 400px) 100vw, 400px\" \/><\/p>\n<p>&nbsp;<\/p>\n<p>&nbsp;<\/p>\n<p>&nbsp;<\/p>\n<p>&nbsp;<\/p>\n<p>&nbsp;<\/p>\n<p>&nbsp;<\/p>\n<p>&nbsp;<\/p>\n<p>&nbsp;<\/p>\n<p style=\"text-align: center;\">\n","protected":false},"excerpt":{"rendered":"<p>La chambre \u00ab\u00a0Amis\u00a0\u00bb est situ\u00e9e au rez de chauss\u00e9e face \u00e0 la salle de toilette. Elle est compos\u00e9e d&rsquo;un lit de 140 de large, de deux tables de chevet, d&rsquo;une grande armoire, d&rsquo;une table. Un acc\u00e8s \u00e0 internet en Wifi<\/p>\n","protected":false},"author":3,"featured_media":0,"parent":0,"menu_order":0,"comment_status":"closed","ping_status":"closed","template":"","meta":[],"_links":{"self":[{"href":"https:\/\/lapallue.fr\/index.php\/wp-json\/wp\/v2\/pages\/65"}],"collection":[{"href":"https:\/\/lapallue.fr\/index.php\/wp-json\/wp\/v2\/pages"}],"about":[{"href":"https:\/\/lapallue.fr\/index.php\/wp-json\/wp\/v2\/types\/page"}],"author":[{"embeddable":true,"href":"https:\/\/lapallue.fr\/index.php\/wp-json\/wp\/v2\/users\/3"}],"replies":[{"embeddable":true,"href":"https:\/\/lapallue.fr\/index.php\/wp-json\/wp\/v2\/comments?post=65"}],"version-history":[{"count":6,"href":"https:\/\/lapallue.fr\/index.php\/wp-json\/wp\/v2\/pages\/65\/revisions"}],"predecessor-version":[{"id":73,"href":"https:\/\/lapallue.fr\/index.php\/wp-json\/wp\/v2\/pages\/65\/revisions\/73"}],"wp:attachment":[{"href":"https:\/\/lapallue.fr\/index.php\/wp-json\/wp\/v2\/media?parent=65"}],"curies":[{"name":"wp","href":"https:\/\/api.w.org\/{rel}","templated":true}]}}